5
Let d(q) = -q**2 + 12*q + 15. Determine d(16).
-49
Let m(y) = 5*y + 54. Give m(-10).
4
Let i(t) = 16*t + 2. What is i(-1)?
-14
Let i(c) = 7*c - 103. Determine i(18).
23
Let q(g) = 33*g - 200. Calculate q(6).
-2
Let m(j) = -j**3 + 5*j**2 - 3*j + 2. Determine m(2).
8
Let o(j) = -j**3 + 7*j**2 - 8*j + 25. Determine o(7).
-31
Let r(c) = 3*c**2 + 4*c - 22. Determine r(-4).
10
Let m(q) = 10*q + 24. Determine m(-3).
-6
Let x(a) = -11*a - 16. Determine x(-2).
6
Let t(b) = -11*b + 65. Give t(4).
21
Let t(n) = 3*n + 42. Determine t(-14).
0
Let x(r) = r**3 - 13*r**2 - 4*r + 10. Determine x(13).
-42
Let b(l) = l**3 + 10*l**2 - 2. Give b(-10).
-2
Let q(c) = -c**2 + 3*c + 30. Give q(-6).
-24
Let r(o) = -o**3 - 2*o**2 - 4*o - 6. Determine r(-3).
15
Let l(k) = 4*k + 50. What is l(28)?
162
Let a(g) = g**3 - 9*g**2 + 13*g - 20. Determine a(6).
-50
Let i(p) = -6*p + 4. Give i(4).
-20
Let a(u) = u**3 - 2*u + 1. What is a(2)?
5
Let l(a) = -3*a**3 - 2*a**2 + a - 2. What is l(-3)?
58
Let h(s) = 8*s - 25. Determine h(4).
7
Let i(o) = o**3 + 15*o**2 + o + 28. Give i(-15).
13
Let x(m) = -m**2 - 6*m - 8. Calculate x(-7).
-15
Let g(l) = -7*l**2 + 6*l - 3. Give g(2).
-19
Let o(k) = -6*k + 101. Determine o(17).
-1
Let g(m) = -2*m**2 + 71*m - 1. Determine g(36).
-37
Let k(j) = -j**3 + 36*j**2 + 34*j + 100. What is k(37)?
-11
Let g(t) = 2*t**2 - 6*t - 1. Give g(6).
35
Let r(m) = 6*m**2 + m. Calculate r(1).
7
Let r(w) = -20*w. Calculate r(-3).
60
Let g(r) = r**3 - 8*r**2 - 7*r - 9. What is g(9)?
9
Let q(s) = 2*s - 8. What is q(-5)?
-18
Let w(v) = -2*v**2 - 17*v + 12. Give w(-9).
3
Let p(y) = y**3 + 22*y**2 + 71*y - 17. What is p(-18)?
1
Let o(x) = x**2 - 23*x + 5. Give o(23).
5
Let t(b) = b**3 + 12*b**2 + 10*b - 5. Determine t(-11).
6
Let a(s) = -s**2 + 33*s + 194. Give a(-5).
4
Let v(i) = 2*i**2 - 14*i + 34. What is v(5)?
14
Let s(r) = -r + 9. Calculate s(-4).
13
Let f(c) = -c**2 - 16*c - 44. What is f(-12)?
4
Let w(h) = -4*h**2 - 2*h + 1. Determine w(1).
-5
Let k(z) = -4*z - 3. Determine k(-13).
49
Let r(a) = a + 9. Determine r(9).
18
Let o(j) = j**2 - 13. Give o(-3).
-4
Let y(h) = 7*h**2 - 5*h + 1. Calculate y(2).
19
Let m(i) = i**3 - 8*i**2 + 18*i - 5. Give m(3).
4
Let h(p) = -4*p**2 - 43*p - 35. What is h(-10)?
-5
Let t(r) = 3*r - 15. Give t(12).
21
Let k(y) = -2*y - 1. Calculate k(8).
-17
Let z(b) = b**2 + 4*b + 1. Give z(-4).
1
Let t(w) = -w - 12. Determine t(-7).
-5
Let d(a) = 2*a**2 - a - 9. What is d(4)?
19
Let w(h) = -h**3 - 10*h**2 + h - 11. What is w(-10)?
-21
Let p(j) = -j**3 + 4*j**2 - j. Determine p(0).
0
Let f(h) = -3*h**2 - 2*h + 3. Determine f(2).
-13
Let d(g) = 2*g**3 - 8*g**2 - 8*g + 10. Give d(5).
20
Let c(t) = -2*t - 16. What is c(-5)?
-6
Let m(s) = s**3 + 4*s**2 + 4*s + 11. Calculate m(-5).
-34
Let u(r) = 2*r + 31. Calculate u(-10).
11
Let h(m) = -m - 45. Determine h(-48).
3
Let z(u) = -3*u**2 - 2*u + 1. Determine z(4).
-55
Let r(h) = h. Determine r(5).
5
Let v(r) = r**3 + 3*r**2 - 6*r + 5. Calculate v(-5).
-15
Let q(i) = -i**2 + 15*i + 10. Determine q(10).
60
Let s(m) = m - 35. Calculate s(0).
-35
Let j(l) = 3*l - 9. Give j(7).
12
Let y(v) = -v**3 + 16*v**2 + 14*v - 15. Give y(17).
-66
Let i(l) = -l**3 + 47*l**2 - 4*l + 166. What is i(47)?
-22
Let u(r) = -r**2 - 25*r + 2. Determine u(-25).
2
Let x(l) = -2*l - 3. Determine x(-10).
17
Let l(s) = 11*s + 631. Calculate l(-57).
4
Let a(m) = 40*m - 269. What is a(7)?
11
Let i(f) = f**2 + 15*f + 7. Give i(-8).
-49
Let u(n) = n**3 + 5*n**2 - 7*n + 6. Give u(-6).
12
Let j(d) = 6*d - 41. Calculate j(5).
-11
Let o(b) = -b**3 + 5*b**2 - 7*b. Give o(3).
-3
Let y(q) = 2*q**2 - 52*q + 92. Determine y(24).
-4
Let n(u) = -2*u**2 - 4*u + 4. Give n(-3).
-2
Let u(w) = 5*w + 61. Give u(-11).
6
Let v(p) = -p**3 - 4*p**2 - 9*p - 29. Calculate v(-4).
7
Let o(k) = -4*k + 20. Calculate o(10).
-20
Let n(p) = p - 23. Determine n(17).
-6
Let x(z) = -z**3 - 9*z**2 - 12*z - 103. Determine x(-9).
5
Let a(q) = q**3 + 3*q**2 + 3*q + 1. Calculate a(-2).
-1
Let u(j) = -18*j + 67. What is u(3)?
13
Let i(g) = g**2 + 17*g + 36. Give i(-16).
20
Let b(a) = -a**2 + 4*a + 40. What is b(13)?
-77
Let f(r) = 4*r**3 + 3*r**2 + 2*r - 1. Calculate f(-2).
-25
Let k(p) = 12*p + 8. Calculate k(-3).
-28
Let q(k) = -5*k - 4. Calculate q(-3).
11
Let k(z) = 5*z - 3. Determine k(13).
62
Let l(y) = -y**2 - 10*y + 18. What is l(-12)?
-6
Let g(t) = 10*t - 42. Determine g(4).
-2
Let f(l) = 15*l**3 + l**2 + 3*l + 1. Calculate f(-1).
-16
Let j(x) = -x**3 - 6*x**2 + 19*x + 24. Determine j(-8).
0
Let n(p) = -7*p**3 - 2*p**2 + 2. What is n(1)?
-7
Let l(j) = -j**2 - 10*j + 7. Determine l(-10).
7
Let f(l) = -l**3 + 4*l**2 + 3*l - 3. Give f(3).
15
Let v(k) = k**2 - 18*k + 61. What is v(12)?
-11
Let u(j) = 80*j + 12. Determine u(-1).
-68
Let n(a) = -2*a**3 - a**2 + 2*a + 1. Give n(2).
-15
Let y(u) = u**3 - 6*u**2 + 2*u - 5. Determine y(4).
-29
Let w(q) = -q**3 + 3*q**2 + 9*q - 22. Give w(2).
0
Let h(b) = -b**3 - 10*b**2 - 11*b + 36. Calculate h(-8).
-4
Let n(l) = l**2 - 7*l + 6. Determine n(10).
36
Let a(y) = y**2 + 16*y - 6. Calculate a(-16).
-6
Let i(n) = n**2 - 14*n - 3. Determine i(14).
-3
Let r(n) = 2*n**3 - 3*n**2 + 3*n - 1. What is r(2)?
9
Let t(i) = 2*i**2 - 3*i + 3. Determine t(3).
12
Let v(g) = -g + 5. Give v(4).
1
Let p(d) = -d + 7. Give p(14).
-7
Let g(p) = -12*p + 466. Determine g(38).
10
Let z(r) = 3*r**2 + 6*r + 7. Give z(-3).
16
Let h(z) = -2*z + 34. Determine h(20).
-6
Let u(x) = -13*x + 364. Calculate u(26).
26
Let v(f) = -53*f + 216. Determine v(5).
-49
Let f(b) = -b**2 + 21*b - 26. Give f(20).
-6
Let o(j) = -9*j + 3. What is o(9)?
-78
Let m(g) = g**2 + 6*g + 4. Determine m(-10).
44
Let q(i) = -i**2 - 21*i + 58. Give q(-26).
-72
Let b(u) = -u**3 - u**2 + 11. Calculate b(0).
11
Let h(f) = f**3 - 3*f**2 - 2*f. Give h(0).
0
Let a(g) = 2*g**2 - 21*g + 30. What is a(9)?
3
Let r(n) = -52*n**2 + 2*n + 2. Give r(-1).
-52
Let j(w) = -w - 7. What is j(8)?
-15
Let d(x) = 3*x**2 - 2*x - 11. Calculate d(4).
29
Let x(k) = -k**3 - 12*k**2 - 39*k - 24. Give x(-7).
4
Let m(r) = -r**2 - 12*r - 25. Determine m(-10).
-5
Let n(i) = -4*i - 15. Give n(-1).
-11
Let n(s) = 18*s - 98. What is n(5)?
-8
Let k(x) = 5*x**3 + 2*x + 1. Determine k(-1).
-6
Let r(w) = -17*w + 143. What is r(0)?
143
Let h(l) = 24*l**3 - l**2 - 2*l - 2. Give h(-1).
-25
Let o(q) = 7*q + 16. Calculate o(10).
86
Let z(a) = 5*a - 36. What is z(6)?
-6
Let l(q) = -2*q**2 + 13*q + 8. Calculate l(6).
14
Let o(h) = -3*h + 11. Calculate o(9).
-16
Let f(j) = 10*j + 1. Determine f(4).
41
Let t(d) = d**3 - 7*d**2 + 7*d - 49. Calculate t(7).
0
Let f(r) = 10*r + 548. Calculate f(-55).
-2
Let w(z) = 2*z**3 - 17*z**2 - 3*z - 12. Calculate w(9).
42
Let s(p) = 8*p + 39. Determine s(-5).
-1
Let c(d) = -d**3 + 3*d**2 - 2*d + 2. Calculate c(2).
2
Let h(z) = -z**3 + 20*z**2 + 17. What is h(20)?
17
Let h(z) = 2*z**2 + 13*z - 13. Give h(-10).
57
Let j(b) = -b + 21. Give j(16).
5
Let d(g) = -g**3 + 20*g**2 + 45*g - 27. What is d(22)?
-5
Let x(n) = -2*n**2 + 21*n - 9. Calculate x(10).
1
Let g(q) = 2*q**3 + q**2. What is g(-2)?
-12
Let w(d) = 4*d**3 + 2*d**2 - 2*d + 2. Determine w(2).
38
Let s(o) = 60*o**2 - o + 3. Calculate s(1).
62
Let t(y) = 5*y - 86. Calculate t(16).
-6
Let n(p) = -2*p**2 + p + 2. What is n(0)?
2
Let d(q) = -q**3 - 5*q**2 - 4*q - 4. Give d(-5).
16
Let a(g) = 17*g + 234. Calculate a(-12).
30
Let p(w) = -12*w + 3. Give p(-4).
51
Let z(f) = f**3 + 8*f**2 + 19*f + 7. What is z(-3)?
-5
Let q(b) = -b**3 + 7*b**2 - 10*b + 9. Give q(6).
-15
Let o(b) = -3*b + 27. Give o(-5).
42
Let f(z) = 4*z**2 - 3*z - 7. Give f(4).
45
Let n(y) = -y**3 - 12*y**2 - 8*y - 14. What is n(-11)?
-47
Let d(p) = p**2 - 6. Calculate d(2).
-2
Let m(a) = 7*a + 17. Determine m(-7).
-32
Let t(p) = -p**3 - 13*p**2 + 16*p + 5. Give t(-14).
-23
Let l(a) = -2*a - 18. Determine l(5).
-28
Let h(y) = -y**2 - 17*y + 15. What is h(-18)?
-3
Let f(b) = -7*b**3 + 2*b**2 + 5*b - 7. Give f(1).
-7
Let z(n) = -n**3 + 14*n**2 - 3*n + 42. Give z(14).
0
Let b(g) = g + 7. Give b(-11).
-4
Let j(c) = -c**2 + 15*c + 34. What is j(-6)?
-92
Let c(x) = -6*x - 123. What is c(7)?
-165
Let s(i) = 4*i**3 - 4*i**2 + 4*i - 2. Give s(3).
82
Let f(l) = 4*l**2 - 36*l - 39. Give f(10).
1
Let x(g) = -3*g - 31. Give x(0).
-31
Let u(l) = 15*l - 77. What is u(5)?
-2
Let j(d) = d*